se 10, what is -20852 - -2194?
-18658
In base 3, what is 1010120000000122 + 11?
1010120000000210
In base 8, what is -5226644 + -4?
-5226650
In base 5, what is -20413200 + -1?
-20413201
In base 10, what is -4 + -30096151?
-30096155
In base 5, what is -1 - -32002421002?
32002421001
In base 7, what is -30 - -54563044?
54563014
In base 2, what is -100101111101 + -11011101000111?
-100000011000100
In base 7, what is 416 - 6452503?
-6452054
In base 11, what is 11 + 10a8021?
10a8032
In base 13, what is -3 + 27b7344?
27b7341
In base 15, what is 388d4 + -2e?
388a5
In base 12, what is 53817b + 78?
538237
In base 12, what is -3 + -444378?
-44437b
In base 10, what is 9370 - 252?
9118
In base 5, what is 23144 - -3312434?
3341133
In base 5, what is -40342430 - -214?
-40342211
In base 5, what is 13310123022 + -23?
13310122444
In base 2, what is 100100010 - 1011100100?
-111000010
In base 2, what is 10000101000001010 - 100001011101?
10000000110101101
In base 13, what is 7 + -61077b3?
-61077a9
In base 14, what is -221 - -32c8b?
32a6a
In base 15, what is 14 - 4e63b9?
-4e63a5
In base 14, what is 2a6bc + -37a?
2a342
In base 11, what is -20000 + -2459?
-22459
In base 10, what is 275 + -28663?
-28388
In base 15, what is c - 12aa1a?
-12aa0d
In base 3, what is -1201 + -11002101012?
-11002102220
In base 5, what is 3130 + 2112341?
2121021
In base 10, what is 3 - -16270258?
16270261
In base 14, what is 16 - -1365cc?
136604
In base 6, what is 123433440 - 33?
123433403
In base 5, what is 2 - -34300244111?
34300244113
In base 8, what is 164354214 + -31?
164354163
In base 12, what is 5 - 3632a053?
-3632a04a
In base 5, what is -24 - -10440203231?
10440203202
In base 12, what is -4a87633 - -4?
-4a8762b
In base 10, what is 55691251 - -5?
55691256
In base 15, what is -18394 - -1bc?
-181c7
In base 9, what is 4 + 20681854?
20681858
In base 4, what is -1002003232 - -3111?
-1002000121
In base 14, what is 75 + -66155?
-660c0
In base 11, what is -288 - 11a07?
-12194
In base 7, what is 5 + 1123215000?
1123215005
In base 7, what is 21605260 + 232?
21605522
In base 15, what is -1203 + -151?
-1354
In base 13, what is -47803 + 18?
-477b8
In base 5, what is -12 + 10322010214?
10322010202
In base 13, what is -1 - -1386743?
1386742
In base 2, what is -111100101011011011101 + -110100?
-111100101011100010001
In base 13, what is -1 + -aa8b02?
-aa8b03
In base 15, what is -1 - -c178d5?
c178d4
In base 8, what is 345620 - -1471?
347311
In base 11, what is 194 - -648114?
6482a8
In base 10, what is 3977 - -394?
4371
In base 7, what is -1 + 102566441?
102566440
In base 13, what is -350772 + -89?
-35082b
In base 11, what is 5 - 26455313?
-26455309
In base 16, what is -10d61f3 - -3?
-10d61f0
In base 9, what is -236376811 - -5?
-236376805
In base 16, what is fe89c - -2c?
fe8c8
In base 16, what is -20 - -17c0c?
17bec
In base 4, what is -20330120211 + -230?
-20330121101
In base 11, what is -5 - 1567277?
-1567281
In base 14, what is 53 + 1bab63?
1babb6
In base 7, what is 4 + 33323013?
33323020
In base 12, what is 1030 + 114?
1144
In base 9, what is -1007 + 42574?
41566
In base 11, what is -5 - a733342?
-a733347
In base 11, what is 21132 - 3aa4?
18139
In base 16, what is -ea8 - 814c?
-8ff4
In base 15, what is 36da14 - -5?
36da19
In base 4, what is 1 - -213022133321?
213022133322
In base 6, what is -2044011534 - 5?
-2044011543
In base 2, what is -10011101001110101100100100 + 11?
-10011101001110101100100001
In base 8, what is 10 - 1062305?
-1062275
In base 5, what is 132220443400 - -10?
132220443410
In base 2, what is -1 + 1011101111101000010?
1011101111101000001
In base 4, what is -221211332110223 + 10?
-221211332110213
In base 8, what is 55 - 2237663?
-2237606
In base 8, what is 10770300 - -2?
10770302
In base 14, what is -656800 - 8?
-656808
In base 9, what is -207365 + 54?
-207311
In base 13, what is -182b685 + 4?
-182b681
In base 2, what is 11010110101111001100111 + -100000111?
11010110101110101100000
In base 3, what is -100112 + 1201112?
1101000
In base 4, what is -12 + 3321331001?
3321330323
In base 10, what is 7 - 2800716?
-2800709
In base 9, what is 173 + -18554?
-18371
In base 6, what is 3255 + 3344?
11043
In base 15, what is 1b2b2b9b - 0?
1b2b2b9b
In base 13, what is 10c + 4534?
4643
In base 14, what is -5a7b99 - 6?
-5a7ba1
In base 7, what is 121656 + -63004?
25652
In base 6, what is 43102141 - -2150?
43104331
In base 7, what is -20561 + 1352?
-16206
In base 12, what is -132041267 - -4?
-132041263
In base 11, what is 1841 + 2aa?
2040
In base 2, what is 110110 - -1000110010110011101000?
1000110010110100011110
In base 11, what is 176a051a + 25?
176a0544
In base 14, what is -2c49 + -6444?
-928d
In base 10, what is 738 + -18800?
-18062
In base 3, what is -10112212 + -20212000200?
-20222120112
In base 3, what is 2200101221 + -1101?
2200100120
In base 13, what is -58789 + 544?
-58245
In base 13, what is -32c5c - 14a?
-330a9
In base 4, what is 2 + 13030031321?
13030031323
In base 6, what is -110231 - 2033?
-112304
In base 3, what is -221 - -1122120002222112?
1122120002221121
In base 5, what is -2424023433 - 33?
-2424024021
In base 5, what is -1 - -2002033110?
2002033104
In base 3, what is 10120002 + 21211000?
102101002
In base 8, what is 17535562 - 4?
17535556
In base 8, what is 10515446 + -3?
10515443
In base 6, what is 3 - 1012123143?
-1012123140
In base 14, what is -299 + c4a?
991
In base 7, what is -23541224 - -3?
-23541221
In base 3, what is -200 + 22221220110?
22221212210
In base 9, what is 24 + 7732853?
7732877
In base 6, what is -5024235041 + 5?
-5024235032
In base 6, what is -544013 - -5535?
-534034
In base 2, what is 1011110000 - -1001010010000000?
1001011101110000
In base 9, what is 6825155 + -178?
6824866
In base 15, what is -29 - -14c9c6?
14c99c
In base 3, what is 20001101 + 110121120?
200122221
In base 16, what is -bdc80 - 1a?
-bdc9a
In base 6, what is -5534 + 101543?
52005
In base 14, what is -b + -aad3da?
-aad407
In base 12, what is -3 - 2608012?
-2608015
In base 8, what is -116013660 - -5?
-116013653
In base 3, what is 201120002001 + 12?
201120002020
In base 16, what is fa801 + -a?
fa7f7
In base 12, what is -7 + 35349?
35342
In base 6, what is -510100 - -15253?
-450403
In base 4, what is -300123220 + -213030?
-301002310
In base 6, what is 104 + -1401412?
-1401304
In base 8, what is -347 - 6550271?
-6550640
In base 5, what is -41 + -112201240?
-112201331
In base 9, what is -415312675 + 0?
-415312675
In base 8, what is -1 + -65773242?
-65773243
In base 9, what is -400203418 + -5?
-400203424
In base 14, what is -3c803d - 31?
-3c8070
In base 13, what is bc75b - 29?
bc732
In base 3, what is -21201101222 - -11020?
-21201020202
In base 15, what is -133d009 - -3?
-133d006
In base 5, what is -304 + 10342114?
10341310
In base 3, what is -121 + -10000210000120?
-10000210001011
In base 13, what is 164 - -991?
b25
In base 2, what is 110111000 - -101100010001?
110011001001
In base 16, what is -218cbc + -1?
-218cbd
In base 11, what is -60 - 291742?
-2917a2
In base 14, what is -11aca48 + 8?
-11aca40
In base 9, what is 263 + 70360?
70633
In base 15, what is 3 + -114a25?
-114a22
In base 16, what is -120d5 + 64?
-12071
In base 9, what is -3381338 + -6?
-3381345
In base 16, what is d198c4b + 0?
d198c4b
In base 14, what is a4644b + 11?
a4645c
In base 11, what is 51a9a6a2 + 4?
51a9a6a6
In base 3, what is -1 - -1202010000211211?
1202010000211210
In base 11, what is -32a23 + 456?
-32578
In base 15, what is 4 + 9775e8?
9775ec
In base 14, what is 4cb163d + -11?
4cb162c
In base 15, what is -3 + 36a9d?
36a9a
In base 6, what is -112110 - -1301101?
1144551
In base 5, what is -11434044 + -102?
-11434201
In base 7, what is 41244160 - -4?
41244164
In base 9, what is -1513884 - -368?
-1513515
In base 13, what is -a3 + 213029?
212c56
In base 7, what is 16146003 - 14?
16145656
In base 14, what is -7a1b + -a049?
-13a66
In base 12, what is 0 + -36603920?
-36603920
In base 2, what is 1110 - -1010001101110001111?
1010001101110011101
In base 15, what is -646 + -260?
-8a6
In base 14, what is b99ac - -1?
b99ad
In base 6, what is -2550135 - 424?
-2551003
In base 16, what is -18ed8 + 48?
-18e90
In base 4, what is -1130121021 + 133020?
-1123322001
In base 16, what is 102de - -d2?
103b0
In base 9, what is 5 - 706526?
-706521
In base